{"id":7,"date":"2023-06-29T22:52:38","date_gmt":"2023-06-29T22:52:38","guid":{"rendered":"https:\/\/tforce.pro\/?page_id=7"},"modified":"2025-03-21T22:31:19","modified_gmt":"2025-03-21T22:31:19","slug":"elementor-7","status":"publish","type":"page","link":"https:\/\/tforce.pro\/","title":{"rendered":"Home"},"content":{"rendered":"\t\t<div data-elementor-type=\"wp-page\" data-elementor-id=\"7\" class=\"elementor elementor-7\" data-elementor-post-type=\"page\">\n\t\t\t\t<div class=\"elementor-element elementor-element-3c0e8e9e e-con-full e-flex e-con e-parent\" data-id=\"3c0e8e9e\" data-element_type=\"container\" data-settings=\"{&quot;background_background&quot;:&quot;slideshow&quot;,&quot;background_slideshow_gallery&quot;:[{&quot;id&quot;:67,&quot;url&quot;:&quot;https:\\\/\\\/tforce.pro\\\/wp-content\\\/uploads\\\/2023\\\/10\\\/BG2_TFORCE.jpg&quot;}],&quot;background_slideshow_loop&quot;:&quot;yes&quot;,&quot;background_slideshow_slide_duration&quot;:5000,&quot;background_slideshow_slide_transition&quot;:&quot;fade&quot;,&quot;background_slideshow_transition_duration&quot;:500}\">\n\t\t<div class=\"elementor-element elementor-element-60a628df e-con-full e-flex e-con e-child\" data-id=\"60a628df\" data-element_type=\"container\">\n\t\t\t\t<div class=\"elementor-element elementor-element-1d148104 elementor-widget elementor-widget-heading\" data-id=\"1d148104\" data-element_type=\"widget\" data-widget_type=\"heading.default\">\n\t\t\t\t<div class=\"elementor-widget-container\">\n\t\t\t\t\t<h1 class=\"elementor-heading-title elementor-size-default\">PR\u00d3XIMAMENTE<\/h1>\t\t\t\t<\/div>\n\t\t\t\t<\/div>\n\t\t\t\t<div class=\"elementor-element elementor-element-52afcff9 elementor-widget elementor-widget-image\" data-id=\"52afcff9\" data-element_type=\"widget\" data-widget_type=\"image.default\">\n\t\t\t\t<div class=\"elementor-widget-container\">\n\t\t\t\t\t\t\t\t\t\t\t\t\t\t\t<img fetchpriority=\"high\" decoding=\"async\" width=\"1024\" height=\"208\" src=\"https:\/\/tforce.pro\/wp-content\/uploads\/2023\/10\/TForce_IronLogo-1024x208.png\" class=\"attachment-large size-large wp-image-56\" alt=\"\" srcset=\"https:\/\/tforce.pro\/wp-content\/uploads\/2023\/10\/TForce_IronLogo-1024x208.png 1024w, https:\/\/tforce.pro\/wp-content\/uploads\/2023\/10\/TForce_IronLogo-300x61.png 300w, https:\/\/tforce.pro\/wp-content\/uploads\/2023\/10\/TForce_IronLogo-768x156.png 768w, https:\/\/tforce.pro\/wp-content\/uploads\/2023\/10\/TForce_IronLogo-1536x312.png 1536w, https:\/\/tforce.pro\/wp-content\/uploads\/2023\/10\/TForce_IronLogo-2048x416.png 2048w\" sizes=\"(max-width: 1024px) 100vw, 1024px\" \/>\t\t\t\t\t\t\t\t\t\t\t\t\t\t\t<\/div>\n\t\t\t\t<\/div>\n\t\t\t\t<div class=\"elementor-element elementor-element-69deace0 elementor-widget elementor-widget-heading\" data-id=\"69deace0\" data-element_type=\"widget\" data-widget_type=\"heading.default\">\n\t\t\t\t<div class=\"elementor-widget-container\">\n\t\t\t\t\t<h2 class=\"elementor-heading-title elementor-size-default\">Pronto podr\u00e1s disfrutar de la experiencia <b>T-FORCE<\/b><\/h2>\t\t\t\t<\/div>\n\t\t\t\t<\/div>\n\t\t\t\t<div class=\"elementor-element elementor-element-36461874 elementor-widget elementor-widget-heading\" data-id=\"36461874\" data-element_type=\"widget\" data-widget_type=\"heading.default\">\n\t\t\t\t<div class=\"elementor-widget-container\">\n\t\t\t\t\t<h2 class=\"elementor-heading-title elementor-size-default\">Mientras tanto, puedes descargar nuestros controladores haciendo clic en el bot\u00f3n correspondiente.<\/h2>\t\t\t\t<\/div>\n\t\t\t\t<\/div>\n\t\t\t\t<div class=\"elementor-element elementor-element-543f325d elementor-hidden-desktop elementor-hidden-tablet elementor-widget elementor-widget-image\" data-id=\"543f325d\" data-element_type=\"widget\" data-widget_type=\"image.default\">\n\t\t\t\t<div class=\"elementor-widget-container\">\n\t\t\t\t\t\t\t\t\t\t\t\t\t\t\t<img decoding=\"async\" width=\"1024\" height=\"922\" src=\"https:\/\/tforce.pro\/wp-content\/uploads\/2023\/10\/Amplificadores-1024x922.png\" class=\"attachment-large size-large wp-image-59\" alt=\"\" srcset=\"https:\/\/tforce.pro\/wp-content\/uploads\/2023\/10\/Amplificadores-1024x922.png 1024w, https:\/\/tforce.pro\/wp-content\/uploads\/2023\/10\/Amplificadores-300x270.png 300w, https:\/\/tforce.pro\/wp-content\/uploads\/2023\/10\/Amplificadores-768x692.png 768w, https:\/\/tforce.pro\/wp-content\/uploads\/2023\/10\/Amplificadores-1536x1383.png 1536w, https:\/\/tforce.pro\/wp-content\/uploads\/2023\/10\/Amplificadores.png 2000w\" sizes=\"(max-width: 1024px) 100vw, 1024px\" \/>\t\t\t\t\t\t\t\t\t\t\t\t\t\t\t<\/div>\n\t\t\t\t<\/div>\n\t\t<div class=\"elementor-element elementor-element-3108db74 e-grid e-con-boxed e-con e-child\" data-id=\"3108db74\" data-element_type=\"container\">\n\t\t\t\t\t<div class=\"e-con-inner\">\n\t\t\t\t<div class=\"elementor-element elementor-element-5dd8877e elementor-align-center elementor-mobile-align-center elementor-tablet-align-center elementor-widget elementor-widget-button\" data-id=\"5dd8877e\" data-element_type=\"widget\" data-widget_type=\"button.default\">\n\t\t\t\t<div class=\"elementor-widget-container\">\n\t\t\t\t\t\t\t\t\t<div class=\"elementor-button-wrapper\">\n\t\t\t\t\t<a class=\"elementor-button elementor-button-link elementor-size-sm elementor-animation-grow\" href=\"https:\/\/tforce.pro\/wp-content\/uploads\/2025\/03\/\u5171\u9e23-Audio-Controller-CHX-v1.4.2-2.exe_.zip\">\n\t\t\t\t\t\t<span class=\"elementor-button-content-wrapper\">\n\t\t\t\t\t\t\t\t\t<span class=\"elementor-button-text\">Descargar<\/span>\n\t\t\t\t\t<\/span>\n\t\t\t\t\t<\/a>\n\t\t\t\t<\/div>\n\t\t\t\t\t\t\t\t<\/div>\n\t\t\t\t<\/div>\n\t\t\t\t<div class=\"elementor-element elementor-element-531f982 elementor-widget elementor-widget-image\" data-id=\"531f982\" data-element_type=\"widget\" data-widget_type=\"image.default\">\n\t\t\t\t<div class=\"elementor-widget-container\">\n\t\t\t\t\t\t\t\t\t\t\t\t\t\t\t<img decoding=\"async\" width=\"1024\" height=\"163\" src=\"https:\/\/tforce.pro\/wp-content\/uploads\/2023\/10\/TX16-1024x163.png\" class=\"attachment-large size-large wp-image-63\" alt=\"\" srcset=\"https:\/\/tforce.pro\/wp-content\/uploads\/2023\/10\/TX16-1024x163.png 1024w, https:\/\/tforce.pro\/wp-content\/uploads\/2023\/10\/TX16-300x48.png 300w, https:\/\/tforce.pro\/wp-content\/uploads\/2023\/10\/TX16-768x122.png 768w, https:\/\/tforce.pro\/wp-content\/uploads\/2023\/10\/TX16-1536x245.png 1536w, https:\/\/tforce.pro\/wp-content\/uploads\/2023\/10\/TX16.png 1806w\" sizes=\"(max-width: 1024px) 100vw, 1024px\" \/>\t\t\t\t\t\t\t\t\t\t\t\t\t\t\t<\/div>\n\t\t\t\t<\/div>\n\t\t\t\t\t<\/div>\n\t\t\t\t<\/div>\n\t\t<div class=\"elementor-element elementor-element-415cf3bc e-grid e-con-boxed e-con e-child\" data-id=\"415cf3bc\" data-element_type=\"container\">\n\t\t\t\t\t<div class=\"e-con-inner\">\n\t\t\t\t<div class=\"elementor-element elementor-element-11b058c7 elementor-widget elementor-widget-image\" data-id=\"11b058c7\" data-element_type=\"widget\" data-widget_type=\"image.default\">\n\t\t\t\t<div class=\"elementor-widget-container\">\n\t\t\t\t\t\t\t\t\t\t\t\t\t\t\t<img loading=\"lazy\" decoding=\"async\" width=\"1024\" height=\"147\" src=\"https:\/\/tforce.pro\/wp-content\/uploads\/2023\/10\/TX20-1024x147.png\" class=\"attachment-large size-large wp-image-64\" alt=\"\" srcset=\"https:\/\/tforce.pro\/wp-content\/uploads\/2023\/10\/TX20-1024x147.png 1024w, https:\/\/tforce.pro\/wp-content\/uploads\/2023\/10\/TX20-300x43.png 300w, https:\/\/tforce.pro\/wp-content\/uploads\/2023\/10\/TX20-768x111.png 768w, https:\/\/tforce.pro\/wp-content\/uploads\/2023\/10\/TX20-1536x221.png 1536w, https:\/\/tforce.pro\/wp-content\/uploads\/2023\/10\/TX20.png 1806w\" sizes=\"(max-width: 1024px) 100vw, 1024px\" \/>\t\t\t\t\t\t\t\t\t\t\t\t\t\t\t<\/div>\n\t\t\t\t<\/div>\n\t\t\t\t<div class=\"elementor-element elementor-element-3460c420 elementor-align-center elementor-mobile-align-center elementor-tablet-align-center elementor-widget elementor-widget-button\" data-id=\"3460c420\" data-element_type=\"widget\" data-widget_type=\"button.default\">\n\t\t\t\t<div class=\"elementor-widget-container\">\n\t\t\t\t\t\t\t\t\t<div class=\"elementor-button-wrapper\">\n\t\t\t\t\t<a class=\"elementor-button elementor-button-link elementor-size-sm elementor-animation-grow\" href=\"https:\/\/tforce.pro\/wp-content\/uploads\/2025\/03\/\u5171\u9e23-Audio-Controller-CHX-v1.4.2-2.exe_.zip\">\n\t\t\t\t\t\t<span class=\"elementor-button-content-wrapper\">\n\t\t\t\t\t\t\t\t\t<span class=\"elementor-button-text\">Descargar<\/span>\n\t\t\t\t\t<\/span>\n\t\t\t\t\t<\/a>\n\t\t\t\t<\/div>\n\t\t\t\t\t\t\t\t<\/div>\n\t\t\t\t<\/div>\n\t\t\t\t\t<\/div>\n\t\t\t\t<\/div>\n\t\t\t\t<\/div>\n\t\t<div class=\"elementor-element elementor-element-6f591dfb e-flex e-con-boxed e-con e-child\" data-id=\"6f591dfb\" data-element_type=\"container\">\n\t\t\t\t\t<div class=\"e-con-inner\">\n\t\t\t\t<div class=\"elementor-element elementor-element-a3324e2 elementor-hidden-mobile elementor-widget elementor-widget-image\" data-id=\"a3324e2\" data-element_type=\"widget\" data-widget_type=\"image.default\">\n\t\t\t\t<div class=\"elementor-widget-container\">\n\t\t\t\t\t\t\t\t\t\t\t\t\t\t\t<img decoding=\"async\" width=\"1024\" height=\"922\" src=\"https:\/\/tforce.pro\/wp-content\/uploads\/2023\/10\/Amplificadores-1024x922.png\" class=\"attachment-large size-large wp-image-59\" alt=\"\" srcset=\"https:\/\/tforce.pro\/wp-content\/uploads\/2023\/10\/Amplificadores-1024x922.png 1024w, https:\/\/tforce.pro\/wp-content\/uploads\/2023\/10\/Amplificadores-300x270.png 300w, https:\/\/tforce.pro\/wp-content\/uploads\/2023\/10\/Amplificadores-768x692.png 768w, https:\/\/tforce.pro\/wp-content\/uploads\/2023\/10\/Amplificadores-1536x1383.png 1536w, https:\/\/tforce.pro\/wp-content\/uploads\/2023\/10\/Amplificadores.png 2000w\" sizes=\"(max-width: 1024px) 100vw, 1024px\" \/>\t\t\t\t\t\t\t\t\t\t\t\t\t\t\t<\/div>\n\t\t\t\t<\/div>\n\t\t\t\t\t<\/div>\n\t\t\t\t<\/div>\n\t\t\t\t<\/div>\n\t\t\t\t<\/div>\n\t\t","protected":false},"excerpt":{"rendered":"<p>PR\u00d3XIMAMENTE Pronto podr\u00e1s disfrutar de la experiencia T-FORCE Mientras tanto, puedes descargar nuestros controladores haciendo clic en el bot\u00f3n correspondiente. Descargar Descargar<\/p>\n","protected":false},"author":1,"featured_media":0,"parent":0,"menu_order":0,"comment_status":"closed","ping_status":"closed","template":"elementor_header_footer","meta":{"site-sidebar-layout":"no-sidebar","site-content-layout":"page-builder","ast-site-content-layout":"","site-content-style":"default","site-sidebar-style":"default","ast-global-header-display":"","ast-banner-title-visibility":"","ast-main-header-display":"","ast-hfb-above-header-display":"","ast-hfb-below-header-display":"","ast-hfb-mobile-header-display":"","site-post-title":"disabled","ast-breadcrumbs-content":"","ast-featured-img":"disabled","footer-sml-layout":"","theme-transparent-header-meta":"","adv-header-id-meta":"","stick-header-meta":"","header-above-stick-meta":"","header-main-stick-meta":"","header-below-stick-meta":"","astra-migrate-meta-layouts":"default","ast-page-background-enabled":"default","ast-page-background-meta":{"desktop":{"background-color":"var(--ast-global-color-4)","background-image":"","background-repeat":"repeat","background-position":"center center","background-size":"auto","background-attachment":"scroll","background-type":"","background-media":"","overlay-type":"","overlay-color":"","overlay-opacity":"","overlay-gradient":""},"tablet":{"background-color":"","background-image":"","background-repeat":"repeat","background-position":"center center","background-size":"auto","background-attachment":"scroll","background-type":"","background-media":"","overlay-type":"","overlay-color":"","overlay-opacity":"","overlay-gradient":""},"mobile":{"background-color":"","background-image":"","background-repeat":"repeat","background-position":"center center","background-size":"auto","background-attachment":"scroll","background-type":"","background-media":"","overlay-type":"","overlay-color":"","overlay-opacity":"","overlay-gradient":""}},"ast-content-background-meta":{"desktop":{"background-color":"var(--ast-global-color-5)","background-image":"","background-repeat":"repeat","background-position":"center center","background-size":"auto","background-attachment":"scroll","background-type":"","background-media":"","overlay-type":"","overlay-color":"","overlay-opacity":"","overlay-gradient":""},"tablet":{"background-color":"var(--ast-global-color-5)","background-image":"","background-repeat":"repeat","background-position":"center center","background-size":"auto","background-attachment":"scroll","background-type":"","background-media":"","overlay-type":"","overlay-color":"","overlay-opacity":"","overlay-gradient":""},"mobile":{"background-color":"var(--ast-global-color-5)","background-image":"","background-repeat":"repeat","background-position":"center center","background-size":"auto","background-attachment":"scroll","background-type":"","background-media":"","overlay-type":"","overlay-color":"","overlay-opacity":"","overlay-gradient":""}},"footnotes":""},"class_list":["post-7","page","type-page","status-publish","hentry"],"_links":{"self":[{"href":"https:\/\/tforce.pro\/index.php\/wp-json\/wp\/v2\/pages\/7","targetHints":{"allow":["GET"]}}],"collection":[{"href":"https:\/\/tforce.pro\/index.php\/wp-json\/wp\/v2\/pages"}],"about":[{"href":"https:\/\/tforce.pro\/index.php\/wp-json\/wp\/v2\/types\/page"}],"author":[{"embeddable":true,"href":"https:\/\/tforce.pro\/index.php\/wp-json\/wp\/v2\/users\/1"}],"replies":[{"embeddable":true,"href":"https:\/\/tforce.pro\/index.php\/wp-json\/wp\/v2\/comments?post=7"}],"version-history":[{"count":41,"href":"https:\/\/tforce.pro\/index.php\/wp-json\/wp\/v2\/pages\/7\/revisions"}],"predecessor-version":[{"id":114,"href":"https:\/\/tforce.pro\/index.php\/wp-json\/wp\/v2\/pages\/7\/revisions\/114"}],"wp:attachment":[{"href":"https:\/\/tforce.pro\/index.php\/wp-json\/wp\/v2\/media?parent=7"}],"curies":[{"name":"wp","href":"https:\/\/api.w.org\/{rel}","templated":true}]}}